 f(b) = 16*b**2 - 382*b - 1279. Give f(28).
569
Let n(s) = 13*s**2 - 5328*s + 21290. Calculate n(4).
186
Let o(s) = -34*s**3 + 26*s**2 - 88*s - 39. Calculate o(4).
-2151
Let v(l) = 167*l**3 + 109556*l**2 + 2623*l - 668. What is v(-656)?
-12
Let s(x) = 2554235*x + 97060925. Give s(-38).
-5
Let g(f) = 17*f**3 + 6*f**2 + 7*f + 1. Give g(-4).
-1019
Let w(p) = -30*p + 13308. Determine w(440).
108
Let a(l) = -775*l - 11183. What is a(-16)?
1217
Let y(w) = -78988*w + 9083605. Calculate y(115).
-15
Let w(m) = -17*m**2 + 1071*m + 13755. What is w(74)?
-83
Let q(v) = -45702*v - 822644. What is q(-18)?
-8
Let i(c) = 1564*c + 1277. Determine i(-1).
-287
Let c(m) = -m**2 - 235*m - 6916. Give c(-38).
570
Let a(s) = 2*s**2 + 13007*s - 169442. Calculate a(13).
-13
Let k(i) = 2*i**3 + 71*i**2 + 322*i - 243. Calculate k(-30).
-3
Let z(l) = l**3 - 532*l**2 - 22265*l + 117. What is z(-39)?
-39
Let f(m) = -6*m**2 - 212*m - 1319. What is f(-25)?
231
Let u(o) = -o**3 + 40*o**2 - 2*o - 820. Calculate u(0).
-820
Let y(a) = 8023*a + 48124. Determine y(-6).
-14
Let p(x) = -149*x + 176. Calculate p(-35).
5391
Let s(a) = 1087*a + 16679. Give s(-16).
-713
Let m(z) = -497*z - 22969. What is m(-46)?
-107
Let n(g) = -17*g**2 - 7682*g + 16355. Give n(-454).
11
Let f(i) = -649*i - 17930. Calculate f(-27).
-407
Let j(u) = u**2 + 3472*u - 498156. What is j(138)?
24
Let c(j) = -j**3 + 34*j**2 + 22*j - 329. Determine c(32).
2423
Let b(d) = 248*d - 1992. Give b(11).
736
Let j(r) = r**3 + 19*r**2 - 224*r + 1853. Give j(-29).
-61
Let o(r) = -r**3 - 3542*r**2 - 24746*r - 15. Determine o(-7).
-8
Let r(q) = -73*q**2 + 38*q + 2. Calculate r(-1).
-109
Let y(s) = -2*s**3 + 39*s**2 - 127*s - 181. Determine y(13).
365
Let v(s) = -s**2 - 377*s - 2961. What is v(-8)?
-9
Let l(r) = -16*r**2 + 1337*r - 4048. Give l(3).
-181
Let o(s) = -1805*s + 521644. Determine o(289).
-1
Let n(c) = -12*c**2 + 1166*c + 11192. Determine n(106).
-44
Let g(j) = 573*j - 4585. Calculate g(8).
-1
Let b(c) = -16999*c + 1700285. Determine b(100).
385
Let a(k) = -k**2 + 24918*k + 823337. Determine a(-33).
-46
Let s(q) = 6667*q + 66790. What is s(-10)?
120
Let l(p) = -2*p**3 + 179*p**2 - 3114*p - 720. Calculate l(24).
0
Let p(t) = -2*t**2 + 1078*t - 94374. Give p(110).
6
Let i(g) = 5*g**3 - 51*g**2 - 3489*g + 39. What is i(32)?
7
Let r(n) = 119*n**2 + 583*n - 1770. Calculate r(3).
1050
Let d(l) = 1136*l + 66924. Give d(-59).
-100
Let a(k) = 7*k**2 - 71*k - 179. What is a(13)?
81
Let i(y) = -4*y**2 + 1750*y - 73400. Calculate i(47).
14
Let f(p) = p**3 + 28*p**2 - 330*p - 6467. Determine f(-32).
-3
Let l(y) = -683*y + 18438. What is l(27)?
-3
Let x(o) = 2678*o - 11393. Calculate x(4).
-681
Let i(z) = 800*z + 51206. What is i(-64)?
6
Let u(d) = 34*d**3 + 5*d**2 + 394*d - 397. Give u(1).
36
Let j(x) = -1279*x**2 - 10*x - 8. Give j(-1).
-1277
Let b(g) = 2*g**2 - 573*g + 13549. Calculate b(26).
3
Let d(u) = -u**3 + 133*u**2 - 23*u + 3059. Calculate d(133).
0
Let h(z) = -11*z**3 + 383*z**2 + 72*z - 56. Calculate h(35).
14
Let t(h) = 3*h**2 + 13328*h + 278575. What is t(-21)?
10
Let c(y) = 11667*y + 268349. Calculate c(-23).
8
Let g(l) = l**3 - 17*l**2 - 23*l + 452. Give g(13).
-523
Let x(p) = p**3 - 413*p**2 - 418*p + 1729. Calculate x(414).
73
Let a(f) = f**3 - 11*f**2 - 125*f + 1024. Calculate a(12).
-332
Let f(s) = -41606*s + 2537938. Calculate f(61).
-28
Let y(v) = -27*v**3 - 59*v**2 + 70*v + 41. What is y(-3)?
29
Let k(z) = z**3 + 7*z**2 - 1522*z - 12063. Calculate k(-8).
49
Let c(k) = 11845*k - 189532. Give c(16).
-12
Let z(t) = -t**3 + 37*t**2 - 240*t + 27. Calculate z(29).
-205
Let j(k) = 3*k**3 - 18*k**2 - 166*k - 695. Determine j(12).
-95
Let h(a) = -65646*a + 656469. Determine h(10).
9
Let v(g) = 12*g**3 - 711*g**2 + 1536*g + 163. What is v(57)?
-8
Let q(t) = 8*t**2 - 480*t - 5027. Calculate q(70).
573
Let m(s) = -s**3 - 11*s**2 - 413*s - 2971. What is m(-8)?
141
Let h(b) = -267*b - 8600. Determine h(-31).
-323
Let r(x) = -190*x**2 + 226*x + 670. Calculate r(-3).
-1718
Let a(n) = -n**3 - 13*n**2 + 723*n + 6869. What is a(-9)?
38
Let h(i) = -6*i**3 + 416*i**2 + 2074*i - 166. Calculate h(74).
-18
Let a(o) = 38*o**2 + 2357*o - 4706. What is a(-64)?
94
Let r(i) = -3*i**3 - 16*i**2 + 150*i + 831. Calculate r(-6).
3
Let b(r) = 3445*r - 89604. Calculate b(26).
-34
Let t(h) = -62*h + 2701. Determine t(5).
2391
Let i(w) = 12128*w + 3286685. Calculate i(-271).
-3
Let a(s) = 78*s**3 - 3*s**2 - 10092*s + 10094. What is a(1)?
77
Let v(k) = 2*k**2 - 3210*k + 557182. Calculate v(198).
10
Let b(t) = -2365*t**2 + 44930*t + 25. What is b(19)?
-70
Let h(r) = r**3 - 4*r**2 - 279*r - 442. Determine h(0).
-442
Let t(a) = -1295573*a - 25911445. Determine t(-20).
15
Let b(y) = 135631*y + 1492020. Give b(-11).
79
Let m(a) = 3*a**3 - 317*a**2 + 683*a - 83538. Determine m(106).
96
Let l(d) = -d**2 - 7917*d + 1399566. Calculate l(173).
-4
Let r(o) = -174*o + 3837. Give r(22).
9
Let z(r) = 3711*r + 2486378. Calculate z(-670).
8
Let p(t) = -2*t**3 - 233*t**2 + 358*t + 471. What is p(-118)?
-1
Let f(i) = -i**2 - 1145*i - 93010. Give f(-88).
6
Let n(g) = 10506*g + 1061108. Determine n(-101).
2
Let z(f) = -f**3 + 8*f**2 - 1611*f + 6386. Determine z(4).
6
Let o(z) = z**3 + 30*z**2 + 46*z + 4787. Calculate o(-33).
2
Let i(n) = 19*n**2 + 3305*n + 3291. Calculate i(-173).
177
Let x(a) = -a**3 + 39*a**2 + 28*a + 4448. What is x(43)?
-1744
Let i(u) = -3*u**3 + 40*u**2 - 911*u + 10362. Determine i(12).
6
Let z(g) = -14*g**3 - 105*g**2 - 29*g - 57. Give z(-7).
-197
Let t(n) = -n**3 - 105*n**2 + 123*n + 1564. Determine t(-106).
-238
Let s(z) = 9297*z - 7. Give s(0).
-7
Let y(k) = -2*k**3 - 71*k**2 - 44*k - 2881. Give y(-36).
-1
Let k(b) = -2*b**3 + 185*b**2 + 254*b + 3623. Determine k(94).
991
Let r(d) = -5888*d - 111860. Give r(-19).
12
Let s(i) = -i**3 + 9*i**2 + 1167*i - 7052. What is s(6)?
58
Let b(i) = -3143*i + 1684635. Determine b(536).
-13
Let z(f) = 2*f**3 - 34*f**2 + 165*f - 482. Give z(19).
4097
Let q(t) = 2*t**3 - 68*t**2 + 75*t - 2509. Calculate q(34).
41
Let a(b) = 279*b + 753. Calculate a(-3).
-84
Let i(y) = 2176*y - 78340. Determine i(36).
-4
Let d(f) = 386*f - 22586. What is d(51)?
-2900
Let j(h) = 33*h**3 + 91*h**2 - 210*h - 211. Calculate j(3).
869
Let c(k) = -2*k**3 - 132*k**2 + 5*k + 331. Give c(-66).
1
Let y(s) = -70*s**2 - 1369*s + 6852. Calculate y(5).
-1743
Let b(i) = -14*i**3 - 185*i**2 - 352*i - 4066. What is b(-13)?
3
Let b(q) = 122*q**3 + 27*q**2 - 25*q - 4. Calculate b(1).
120
Let b(h) = -2*h**3 + 264*h**2 + 45*h - 5957. Give b(132).
-17
Let k(c) = -9*c**3 + c**2 + 58*c + 192. Determine k(-3).
270
Let x(s) = 3*s**3 - 75*s**2 + 395*s - 18057. Determine x(28).
59
Let j(b) = -3*b**2 - 104*b - 23. Give j(-34).
45
Let w(n) = -4*n**2 + 356*n - 1699. Determine w(84).
-19
Let f(j) = -3424*j + 23591. Determine f(7).
-377
Let k(m) = -m**3 - 43*m**2 + 9643*m - 249. Calculate k(79).
146
Let t(l) = 8*l**3 + 324*l**2 + 155*l - 169. What is t(-40)?
31
Let n(u) = -u**3 + 64*u**2 - 544*u + 94. Determine n(10).
54
Let a(u) = 9*u**2 + 2717*u - 5761. Give a(-304).
15
Let i(s) = -s**3 + 45*s**2 + 153*s - 326. Determine i(48).
106
Let i(m) = m**2 + 229*m + 11775. Give i(-78).
-3
Let q(f) = -3*f**3 - 106*f**2 - 775*f - 32. What is q(-25)?
-32
Let l(u) = -2*u**3 + 21*u**2 + 54*u + 157. Give l(13).
14
Let r(c) = -203132*c + 2234416. What is r(11)?
-36
Let o(p) = 4*p**2 + 15*p - 478. What is o(-10)?
-228
Let s(u) = -5742*u - 120537. What is s(-21)?
45
Let f(g) = 2794*g + 1173503. What is f(-420)?
23
Let a(k) = -8*k**2 + 539*k - 848. Determine a(66).
-122
Let r(g) = g**3 + 248*g**2 + 3506*g + 1356. Calculate r(-233).
-1207
Let i(w) = -4*w**2 + 5938*w - 41368. Give i(7).
2
Let o(a) = 17*a**2 + 121*a - 643. Calculate o(5).
387
Let t(g) = -30428*g - 273385. Determine t(-9).
467
Let r(j) = 837*j + 21109. Calculate r(-25).
184
Let g(x) = 46768*x + 233854. What is g(-5)?
14
Let w(c) = 1922*c - 35585. What is w(18)?
-989
Let o(m) = -m**2 - 125656*m - 1256456. What is o(-10)?
4
Let h(k) = -k**3 - 18*k**2 - 18*k - 126. Determine h(-9).
-693
Let n(r) = 3*r**2 + 96*r + 860. Determine n(-14).
104
Let g(o) = 7232*o + 86805. Determine g(-12).
21
Let q(p) = p**3 - 2*p**2 - 359*p + 2139. Calculate q(6).
129
Let k(j) = -2*j**3 + 47*j**2 + 23466*j - 355814. Determine k